v = -165 - -231. What is the greatest common divisor of 165 and v?
33
Let j be (-5)/(-15) - 14/6*-2. Suppose 4*h - 137 - 51 = -j*w, 3 = -h. What is the highest common divisor of w and 20?
20
Let g(r) = -r + 9. Suppose j + 13 = 3. Let l be g(j). What is the highest common factor of l and 133?
19
Suppose 4 = y, -2*y - 2 = -4*v + 18. Suppose 0 = -3*c + v*c. Suppose c = -u - 3*u + 360. Calculate the highest common divisor of 10 and u.
10
Let x(r) = -4*r + 1. Let u be x(-1). Let b = 12 - u. Let w = -2 + 23. Calculate the highest common factor of b and w.
7
Let n(t) = -4*t - 4. Let f(h) = -h - 1. Let j(v) = 6*f(v) - 3*n(v). Let s be j(6). Calculate the greatest common divisor of 7 and s.
7
Suppose 6*j + 18 = 3*j. Let s(o) = -5*o - 214. Let b be s(-43). Let w be 17/b - (j - -2). Calculate the highest common divisor of w and 105.
21
Let q = 213 - 149. What is the greatest common divisor of q and 448?
64
Suppose 21*t - 13*t = 2176. What is the greatest common divisor of 204 and t?
68
Let m(z) = 22*z - 10. Let d be m(1). What is the highest common divisor of d and 162?
6
Suppose -12 = 3*l - 4*l. Let d(b) = -b**3 - 42*b**2 - 77*b + 132. Let t be d(-40). What is the greatest common factor of l and t?
12
Let t be -4 + 1/((-3)/147). Let w = t + 67. Calculate the greatest common factor of w and 35.
7
Let x(h) = h**2 - 4*h - 21. Let t be x(-7). What is the greatest common factor of 7 and t?
7
Let g(z) = 12*z - 2 + 17 - 32*z + 16*z**2 - z**3 + 8. Let y be g(14). What is the greatest common divisor of 27 and y?
27
Let s = -20 - -26. Suppose s*o = -o + 147. Let c be 44 + 0 + -2*1. What is the greatest common factor of c and o?
21
Let s = 9 - 4. Suppose 3*z - 215 = -s*l, 3*l = -z + 3*z - 137. Let n = 35 - 25. What is the greatest common divisor of n and z?
10
Suppose -t - 1 = 1. Let w = t - -27. Calculate the greatest common factor of 10 and w.
5
Suppose -4*h + 91 = 5*n + 18, -n + 2*h + 9 = 0. Let x(b) = 3*b**3 - 2*b**2 - 2*b + 1. Let f be x(2). Calculate the highest common factor of n and f.
13
Let g = -58 - -64. Suppose g*z - 3*z = 15. Calculate the highest common factor of z and 35.
5
Let z(c) = 5 - 2*c**2 + c**2 + 3*c - 2*c. Suppose -3*s = -s + n - 3, 3*n = -2*s + 9. Let p be z(s). What is the highest common factor of 55 and p?
5
Let w = -63 - -105. Suppose -3*f + w = -18. Let i = -10 - -20. What is the greatest common divisor of i and f?
10
Let b be -34*((-2)/(-7) - 110/140). Calculate the greatest common divisor of 1 and b.
1
Let f = 35 + -36. Let r be (f - -4) + -4 + 4. Calculate the highest common divisor of 3 and r.
3
Let t(a) be the second derivative of a**3/6 - 7*a**2/2 + a. Let u be t(5). Let c be (-1)/2*(u + -548). What is the highest common factor of 25 and c?
25
Let k = -20 - -34. Suppose -r - 21 = -2*r. Calculate the highest common divisor of k and r.
7
Let p = -2342 - -2355. Let y(f) = -8*f - 1. Let z be y(-5). What is the greatest common factor of z and p?
13
Let v(c) = 9*c**2 - 174*c + 27. Let z be v(20). Suppose q - 3*q - 32 = 0. Let s be (-14)/(q/6 - -2). What is the highest common factor of z and s?
21
Let k(d) = 10*d**2 - 2. Let m be k(2). Let f(i) = -i**2 + 14*i - 41. Let t be f(8). Let a = m + t. Calculate the greatest common divisor of 30 and a.
15
Let t be (6/4)/((-2)/(-28)). Let n = 13 - 10. Suppose -4*f + t = -n. What is the greatest common divisor of 30 and f?
6
Suppose -2*g + 17*h = 12*h - 18, 2*h + 36 = 4*g. Calculate the greatest common factor of g and 657.
9
Let c be -1 + (-1176)/32*-4. What is the highest common factor of 365 and c?
73
Let c be (-16)/64 + 18/8. Let r be c/8 - (6900/(-16))/3. Calculate the highest common divisor of r and 18.
18
Suppose -7*u + 4*u = -54. Suppose -17 = -m + 4*b, 2*b + 14 - 1 = 5*m. Let l be (m + -3)/((-7)/63). What is the highest common divisor of l and u?
18
Let q = 122 - 269. Let i be -4 - (-3)/((-9)/q). Let j(h) = 9*h**2. Let x be j(-1). What is the highest common factor of i and x?
9
Let z(l) = l**3 - 9*l**2 + 3*l - 16. Let s be z(9). Suppose 4*b + s*b - 120 = 0. Calculate the highest common factor of 40 and b.
8
Let b be 2/((-20)/(-298)) - (18 + (-2366)/130). Let j be 2 + -1 + 2*7. What is the greatest common divisor of b and j?
15
Let i(a) = 6*a**2 + 3*a. Let h be i(2). What is the highest common divisor of 10 and h?
10
Let z(d) = d**2 - 4. Suppose 3*o - 4*c = -1, 7*c + 25 = -5*o + 2*c. Let u be z(o). What is the highest common factor of u and 40?
5
Suppose -q - 4*q - 45 = 0. Let t = 37 + q. Calculate the highest common divisor of t and 56.
28
Suppose -2*u = -3*q + 2*u + 70, u = 3*q - 85. Calculate the greatest common factor of 48 and q.
6
Suppose 31 = 4*v + 3. Let q(b) = b**2 - 10*b. Let h be q(v). Let k be (1 + -2)/(3/h). Calculate the highest common divisor of k and 14.
7
Let d = 1219 - 1172. Calculate the highest common factor of d and 376.
47
Let o be (-7)/2 - (-1)/(-2). Let l be -1 - (-3 - (3 + o)). Let q = -9 + 13. What is the highest common divisor of q and l?
1
Suppose 5*l = 10*l - 40. Suppose l = 2*c - g + 23, 4*c - 4*g = -32. Let u(q) = -2*q - 5. Let f be u(c). Calculate the greatest common divisor of f and 9.
9
Let c = -6 - -20. Let g = 41 + c. What is the highest common divisor of 11 and g?
11
Let r = -126 + 176. Suppose 3*w + r = 4*i, -2*i + 15 = -w - 9. Calculate the greatest common factor of i and 99.
11
Let d = 61 + -56. Suppose -23 = -3*f - d*y, 0 = -0*f + 2*f - 3*y + 10. What is the greatest common factor of f and 1?
1
Suppose -3*x - 81 = -4*a - 2*x, -x - 61 = -3*a. Calculate the greatest common divisor of a and 16.
4
Let k(c) = 71*c + 1. Let o be k(2). Let b be (15 + 198/(-12))/(49/26 + -2). What is the greatest common factor of o and b?
13
Let i = 730 - 727. Calculate the greatest common factor of i and 51.
3
Let x(t) = -t**2 - 10*t - 9. Let w be x(-9). Let l = w + 3. Suppose -2*s - 99 = -l*s. Calculate the highest common divisor of s and 11.
11
Let r(z) = -z**3 - 7*z**2 - z - 4. Let g be (-2 - (2 + -11))/(-1). Let w be r(g). Suppose w + 5 = i. Calculate the greatest common divisor of i and 56.
8
Suppose -6*q - 1041 = -9*q + 3*b, -1708 = -5*q - 4*b. What is the highest common divisor of q and 43?
43
Let m(o) = -o**3 + 33*o**2 + 69*o + 36. Let u be m(35). What is the greatest common factor of 101 and u?
1
Let f = 75 - 69. Let x(w) = -w**3 - 2*w**2 - w - 2. Let c be x(-2). Suppose -4*l + f + 6 = c. What is the highest common divisor of 21 and l?
3
Let u be (-4)/(-9) + (-52550)/(-225). Calculate the highest common divisor of 18 and u.
18
Suppose -493*a = -490*a - 36. What is the highest common divisor of 228 and a?
12
Let b = -114 + 200. Let t = -5 + b. What is the highest common factor of 27 and t?
27
Let f(z) be the second derivative of z**4/12 - z**3/3 - z**2 - 10*z. Let m be f(-2). Suppose -56 = -3*y + 34. Calculate the greatest common divisor of y and m.
6
Let s = 740 - 509. Suppose -p + 0*p = -s. What is the highest common factor of p and 21?
21
Suppose 0 = 2*i + a - 116, 3*i + 3*a - 44 = 136. Suppose y = 12 - 4. Calculate the highest common factor of y and i.
8
Let z(a) = -a**2 - 23*a - 25. Let l be z(-22). Let m be (10 - 19)*4/l. Calculate the greatest common divisor of m and 8.
4
Let l = -1263 + 1383. Calculate the highest common factor of l and 6.
6
Suppose 0 = 30*i - 20426 + 4346. Calculate the greatest common divisor of i and 8.
8
Let x be 594/55 - (-12)/10. Calculate the highest common divisor of 63 and x.
3
Suppose k - 17 = 10. Let r(t) = 4*t - 6. Let x be r(11). Suppose -30*l - 648 = -x*l. Calculate the greatest common factor of l and k.
27
Suppose -120 - 126 = -c. Calculate the greatest common divisor of 656 and c.
82
Let k be -4 + (-1 + 4 - -11). Suppose c = -4*c + k. What is the greatest common factor of 3 and c?
1
Suppose 4*u + 29 = 3*u. Let p = u + 92. Calculate the highest common factor of 9 and p.
9
Let d be 105/(-2)*(-24)/9. Suppose 14*m - 11*m - 84 = 0. Calculate the greatest common factor of m and d.
28
Let c(v) = -2*v**3 - 10*v**2 - v - 6. Let f be c(-6). Calculate the highest common divisor of 9 and f.
9
Let o = -13 - -17. Let t = o + 4. Let q(d) = -d**3 + 11*d**2 + 9*d - 11. Let c be q(11). What is the greatest common factor of c and t?
8
Let a = -73 - -73. Suppose -5*v = -a*v - 60. What is the highest common divisor of v and 108?
12
Let u = 